4*i**2 + 46*i + 359. Calculate o(-7).
-502
Let a(b) = -6431*b**2 - 347278*b - 220. Calculate a(-54).
-4
Let q(m) = 4*m**2 - 171*m - 217. Give q(44).
3
Let i(h) = 47*h - 462. Calculate i(12).
102
Let y(p) = -3*p**3 - 79*p**2 + 1975*p - 39. Calculate y(-42).
-81
Let k(i) = i**2 + 100*i - 3990. What is k(49)?
3311
Let m(q) = 11*q**2 - 1439*q - 9262. Determine m(137).
54
Let z(m) = 216*m + 6264. What is z(-21)?
1728
Let n(y) = -9495*y + 237378. Calculate n(25).
3
Let w(m) = m**3 - 225*m**2 + 204*m + 4557. Give w(224).
77
Let x(k) = -115*k + 3607. What is x(45)?
-1568
Let a(m) = -4*m**3 + 377*m**2 - 1511*m - 1716. What is a(90)?
-6
Let c(k) = 3035*k - 58377. Give c(18).
-3747
Let d(r) = -r**3 + 6*r**2 + 177*r + 15. Determine d(14).
925
Let v(z) = -2*z**3 - 42*z**2 + 448*z + 8201. What is v(-23)?
13
Let j(f) = f**3 + 15*f**2 + 577*f + 3131. What is j(-6)?
-7
Let j(d) = d**2 + 559*d + 8084. What is j(-15)?
-76
Let h(l) = 4*l**3 - 1299*l**2 + 8545*l + 13044. What is h(318)?
6
Let x(r) = -2*r**2 - 445*r + 2547. What is x(-228)?
39
Let v(g) = 9*g**3 - 67*g**2 + 60*g - 364. Determine v(7).
-140
Let a(y) = 4959*y + 50671. Determine a(-10).
1081
Let r(z) = 9587*z**2 - 19235*z + 10. Calculate r(2).
-112
Let j(r) = 49*r + 1994. Calculate j(-38).
132
Let z(l) = -1230*l - 41937. What is z(-34)?
-117
Let f(b) = -94*b + 1153. What is f(-24)?
3409
Let z(f) = f**2 + 9420*f + 2. Determine z(0).
2
Let g(m) = -590*m - 54200. What is g(-93)?
670
Let a(f) = 191*f**2 + 63*f + 56. Calculate a(-5).
4516
Let j(p) = -p**3 + 712*p**2 + 3601*p - 4240. Calculate j(-6).
2
Let r(p) = -13*p**2 - 155*p + 71. Give r(-13).
-111
Let f(q) = -4*q**2 + 15*q + 4686. Calculate f(-31).
377
Let z(p) = p**2 + 30510*p + 457425. Calculate z(-15).
0
Let j(t) = 2*t**2 + 1113*t + 27098. Determine j(-25).
523
Let u(f) = f**3 - 353*f**2 - 1139*f + 25048. Give u(356).
-228
Let b(q) = -690*q - 16447. Give b(-22).
-1267
Let k(q) = -92*q**2 + 81*q + 168. Give k(-2).
-362
Let r(o) = 55287*o - 1990375. Determine r(36).
-43
Let y(x) = 3*x**2 - 696*x - 90593. What is y(-93)?
82
Let a(f) = -12*f**2 + 3413*f + 33819. What is a(294)?
9
Let c(n) = 782*n + 2956. Determine c(-4).
-172
Let a(w) = -19*w**2 - 49585*w - 198330. What is a(-4)?
-294
Let u(q) = -q**3 - 28*q**2 + 4*q - 5. Determine u(-27).
-842
Let f(i) = -67*i**3 - 21*i**2 + 232*i + 256. Determine f(-1).
70
Let i(o) = 63*o**2 + 674*o + 1242. Calculate i(-8).
-118
Let y(a) = -2*a**2 + 144*a + 1425. Calculate y(77).
655
Let f(b) = -9*b**3 - 62*b**2 - 106*b - 37. Give f(-2).
-1
Let m(d) = 5*d**2 + 66*d - 524. Give m(-19).
27
Let w(d) = -108*d**2 + 1173*d + 43. What is w(11)?
-122
Let s(c) = c**3 - 172*c**2 - 13348*c + 1643. Give s(230).
-197
Let g(d) = 43*d - 342. Give g(6).
-84
Let q(w) = -25*w**3 - 972*w**2 + 115*w - 53. Give q(-39).
25
Let w(g) = 13*g**2 + 1098*g + 3610. Give w(-81).
-35
Let n(p) = -14*p**2 - 259*p - 531. Give n(-2).
-69
Let y(v) = v**3 - 118*v**2 + 457*v - 104. Determine y(114).
10
Let w(a) = -a**3 - 56*a**2 + 841*a + 51249. What is w(-54)?
3
Let x(h) = -5*h**3 - 115*h**2 - 583*h + 13. What is x(-16)?
381
Let b(j) = -65333*j - 783982. Give b(-12).
14
Let k(l) = 2*l**2 + 503*l - 13636. Determine k(25).
189
Let d(h) = -90*h**2 + 534*h + 1926. Calculate d(-4).
-1650
Let t(p) = p**3 - 126*p**2 + 3077*p - 705. Calculate t(93).
39
Let k(w) = w**3 + 47739*w**2 - 1241896*w + 164. Give k(26).
8
Let p(s) = -7*s**2 + 5940*s + 54070. Determine p(-9).
43
Let s(h) = -55*h**2 - 390*h + 20326. Give s(16).
6
Let s(g) = -20737*g + 518395. Give s(25).
-30
Let o(f) = 5825*f - 46963. Give o(8).
-363
Let l(v) = -7098*v + 14021. Give l(2).
-175
Let r(k) = -k**2 - 1929678*k + 10. What is r(0)?
10
Let u(f) = 12077*f + 229449. Calculate u(-19).
-14
Let c(t) = -5*t**2 + 593*t - 6428. Give c(12).
-32
Let m(p) = p**3 - 34*p**2 - 260*p + 10389. What is m(31)?
-554
Let n(k) = -k**3 + 167*k**2 + 2548*k - 169656. What is n(176)?
8
Let r(d) = 96*d - 8504. What is r(87)?
-152
Let n(a) = -a**3 + 56*a**2 + 35*a + 1549. What is n(57)?
295
Let j(y) = 5*y**3 - 264*y**2 + 3715*y - 5999. Give j(25).
1
Let l(r) = -10087*r - 726258. Determine l(-72).
6
Let w(u) = 668*u - 16037. Calculate w(24).
-5
Let v(l) = -3748*l + 106095. What is v(28)?
1151
Let k(s) = -28244*s + 112330. What is k(4)?
-646
Let n(i) = -i**3 - 214*i**2 + 10*i - 44050. Calculate n(-215).
25
Let p(o) = -222*o**2 - 2775*o + 2773. Give p(1).
-224
Let s(y) = 313*y**2 - 1807*y - 432. Determine s(6).
-6
Let a(r) = -16191*r + 874297. What is a(54)?
-17
Let t(j) = 6*j**3 - 305*j**2 - 1561*j - 19. What is t(-5)?
-589
Let d(y) = -765*y**3 - 4591*y**2 - 6*y + 3. Calculate d(-6).
3
Let n(b) = -805*b - 14616. What is n(-18)?
-126
Let u(o) = 11*o**2 - 23600*o - 94365. Give u(-4).
211
Let o(j) = 17641*j - 17622. Calculate o(1).
19
Let p(s) = 498*s + 402364. Determine p(-808).
-20
Let j(p) = 7*p**3 + 74*p**2 + 747*p + 8569. Determine j(-11).
-11
Let h(u) = 69*u**3 - 3588*u**2 - u + 37. Determine h(52).
-15
Let l(m) = -3*m**3 - 44*m**2 - 428*m + 4800. Calculate l(6).
0
Let q(p) = p**3 - 5*p**2 - 389*p - 60. What is q(0)?
-60
Let w(k) = -59*k**2 - 206*k - 1530. What is w(-8)?
-3658
Let t(x) = -x**3 - 807*x**2 - 79503*x + 8860. Determine t(-115).
5
Let l(r) = 32724*r + 8999073. Determine l(-275).
-27
Let k(j) = 5*j**2 + 3634*j + 18058. Give k(-5).
13
Let w(n) = n**3 - 45*n**2 + 48*n - 2343. Calculate w(45).
-183
Let u(l) = 35867*l - 645597. Give u(18).
9
Let a(u) = -5*u**2 + 647*u - 4516. What is a(122)?
-2
Let y(l) = 31167*l - 1153176. Calculate y(37).
3
Let j(o) = -99*o - 15599. Calculate j(-158).
43
Let f(c) = -78*c**2 + 778*c - 11. What is f(5)?
1929
Let f(i) = 725*i - 25752. Determine f(36).
348
Let v(j) = -12593*j - 37874. What is v(-3)?
-95
Let l(r) = 1359*r + 44779. Calculate l(-33).
-68
Let q(y) = 35*y**2 + 3675*y + 6. Determine q(-105).
6
Let n(b) = -7*b**3 - 863*b**2 - 245*b + 124. Calculate n(-123).
1
Let s(t) = 25*t**2 + 5*t + 2. Give s(0).
2
Let u(m) = -m**2 - 696163*m + 8354092. Determine u(12).
-8
Let j(k) = 22*k**3 + 180*k**2 + 30*k - 27. Give j(-8).
-11
Let p(m) = 34*m**3 - 202*m**2 + 7*m - 165. Give p(6).
-51
Let m(t) = -t**3 + 382*t**2 + 16874*t - 81. Determine m(-40).
159
Let j(p) = p**3 - 39*p**2 + 1726*p - 85629. Calculate j(44).
-5
Let m(q) = q**3 - 25*q**2 + 10*q + 122. Give m(18).
-1966
Let n(m) = -7*m**2 + 2117*m + 76378. Determine n(335).
-2
Let n(d) = -3*d**2 + 4184*d + 176790. Determine n(-41).
203
Let n(z) = -105171*z - 5153368. Calculate n(-49).
11
Let y(x) = -2055*x + 480873. Calculate y(234).
3
Let m(j) = -5*j**2 + 104*j + 1920. Give m(33).
-93
Let p(z) = -z**3 + 10*z**2 + 74*z - 646. Give p(11).
47
Let u(b) = -2*b**2 - 583*b - 31625. Give u(-72).
-17
Let s(v) = 9964*v + 627733. Determine s(-63).
1
Let s(m) = -m**2 + 974*m - 5785. Determine s(6).
23
Let y(w) = w**3 - 15*w**2 - 472*w + 4712. Give y(9).
-22
Let r(f) = 10*f**3 - 208*f**2 + 7*f - 399. Calculate r(21).
630
Let l(z) = -z**3 + 70*z**2 - 863*z - 3786. Give l(52).
10
Let j(w) = -w**3 - 6*w**2 - 1487*w + 9. Determine j(0).
9
Let t(m) = 2*m**2 + 613*m + 4758. What is t(-8)?
-18
Let x(y) = y**3 + 56*y**2 + 80*y + 32801. Give x(-63).
-22
Let x(n) = -14*n**3 + 20*n**2 + 5*n - 58. Give x(5).
-1283
Let k(h) = -125*h**2 - 210*h + 215. Determine k(0).
215
Let g(t) = -4*t**3 + t**2 - 45871*t - 1. What is g(0)?
-1
Let g(c) = 31584*c - 284253. What is g(9)?
3
Let g(o) = -o**3 + 898*o**2 + 25*o - 22444. Determine g(898).
6
Let x(a) = 51*a**2 - 5356*a + 5418. Calculate x(104).
10
Let k(o) = -7*o**2 - 296*o - 3193. Determine k(-23).
-88
Let c(n) = -95*n + 222. What is c(2)?
32
Let s(g) = -3*g**2 + 437*g + 7272. Calculate s(-15).
42
Let w(f) = f**2 - 2472*f - 254531. What is w(-99)?
-2
Let h(d) = 6189*d - 19000. Determine h(3).
-433
Let f(x) = -4*x**3 + x**2 - 759*x - 1541. What is f(-2)?
13
Let v(q) = 4*q**2 - 124*q + 743. Calculate v(8).
7
Let r(b) = b**3 - 3*b**2 - 54*b - 106. Calculate r(10).
54
Let w(q) = 4*q**3 + 880*q**2 + 6*q + 4345. What is w(-220)?
3025
Let n(o) = -217*o + 23818. Determine n(108).
382
Let d(z) = -7*z + 831. What is d(13)?
740
Let s(v) = -3*v**2 + 2241*v - 17743. What is s(739)?
-7
Let t(i) = -6*i**2 - 77*i + 659. Calculate t(9).
-520
Let v(c) = -c**3 - 52*c**2 + 13*c + 774. Give v(0).
774
Let j(a) = 50808*a - 3556600. Giv